{"id":14,"date":"2013-02-15T15:35:49","date_gmt":"2013-02-15T14:35:49","guid":{"rendered":"http:\/\/rivobruenti.fr\/?page_id=14"},"modified":"2016-04-09T20:51:25","modified_gmt":"2016-04-09T19:51:25","slug":"14-2","status":"publish","type":"page","link":"http:\/\/rivobruenti.fr\/","title":{"rendered":"Accueil"},"content":{"rendered":"<h2 style=\"text-align: left;\"><a href=\"http:\/\/rivobruenti.fr\/wp-content\/uploads\/2013\/02\/14-IMG_1539.jpg\"><img loading=\"lazy\" decoding=\"async\" class=\"alignnone size-medium wp-image-31\" src=\"http:\/\/rivobruenti.fr\/wp-content\/uploads\/2013\/02\/14-IMG_1539-300x200.jpg\" alt=\"14-IMG_1539\" width=\"282\" height=\"191\" \/><\/a><a href=\"http:\/\/rivobruenti.fr\/wp-content\/uploads\/2013\/02\/rif1.jpg\"><img loading=\"lazy\" decoding=\"async\" class=\"alignnone size-medium wp-image-191\" src=\"http:\/\/rivobruenti.fr\/wp-content\/uploads\/2013\/02\/rif1-300x200.jpg\" alt=\"rif1\" width=\"283\" height=\"193\" \/><\/a><\/h2>\n<h2 style=\"text-align: center;\">Bienvenue au Refuge du Rivobruenti<\/h2>\n<p style=\"text-align: justify;\">Situ\u00e9 au coeur des Alpes \u00e0 1200m d&rsquo;altitude, ce petit refuge de montagne r\u00e9cemment r\u00e9habilit\u00e9 vous accueille de mai \u00e0 septembre et vous invite \u00e0 d\u00e9couvrir la Vall\u00e9e de la Roizonne. Install\u00e9 au creux du vallon de Rif Bruyant, entour\u00e9 de merveilles et de d\u00e9couvertes, de panoramas color\u00e9s et vari\u00e9s, chacun y trouvera de quoi satisfaire son envie d&rsquo;\u00e9vasion le temps d&rsquo;une \u00e9tape de randonn\u00e9e ou d&rsquo;une sortie en famille.<\/p>\n<h3 style=\"text-align: center;\">Infos et r\u00e9servations<\/h3>\n<h6 style=\"text-align: center;\">Eric CHATTARD<\/h6>\n<h6 style=\"text-align: center;\">06.17.96.62.97<\/h6>\n<h6 style=\"text-align: center;\">contact@rivobruenti.fr<\/h6>\n<p style=\"text-align: center;\">Retrouvez-nous aussi sur <a href=\"https:\/\/www.facebook.com\/LeRivobruenti\" target=\"_blank\">Facebook<\/a><\/p>\n<p><a href=\"http:\/\/rivobruenti.fr\/wp-content\/uploads\/2013\/02\/rivobruentisculpt1.jpg\"><img loading=\"lazy\" decoding=\"async\" class=\"size-medium wp-image-189 aligncenter\" src=\"http:\/\/rivobruenti.fr\/wp-content\/uploads\/2013\/02\/rivobruentisculpt1-300x194.jpg\" alt=\"rivobruentisculpt\" width=\"300\" height=\"194\" srcset=\"http:\/\/rivobruenti.fr\/wp-content\/uploads\/2013\/02\/rivobruentisculpt1-300x194.jpg 300w, http:\/\/rivobruenti.fr\/wp-content\/uploads\/2013\/02\/rivobruentisculpt1-1024x665.jpg 1024w, http:\/\/rivobruenti.fr\/wp-content\/uploads\/2013\/02\/rivobruentisculpt1-700x454.jpg 700w, http:\/\/rivobruenti.fr\/wp-content\/uploads\/2013\/02\/rivobruentisculpt1-332x215.jpg 332w, http:\/\/rivobruenti.fr\/wp-content\/uploads\/2013\/02\/rivobruentisculpt1.jpg 1134w\" sizes=\"auto, (max-width: 300px) 100vw, 300px\" \/><\/a><\/p>\n<p>___________________________________________________________________________________________<\/p>\n<h3><span style=\"text-decoration: underline;\">Les News<\/span><\/h3>\n<h6><em>9 avril 2016<\/em><\/h6>\n<h3>Nouvelle salle de r\u00e9ception<\/h3>\n<p>Depuis le printemps 2015, l&rsquo;ancienne grange en face du refuge a \u00e9t\u00e9 restaur\u00e9e et am\u00e9nag\u00e9e en salle de r\u00e9ception pouvant accueillir jusqu&rsquo;\u00e0 60 couverts ! D\u00e9sormais vous pouvez venir nombreux&#8230; m\u00eame s&rsquo;il pleut \ud83d\ude42<\/p>\n<p><a href=\"http:\/\/rivobruenti.fr\/wp-content\/uploads\/2013\/02\/rifreception.jpg\" rel=\"attachment wp-att-274\"><img loading=\"lazy\" decoding=\"async\" class=\"alignnone size-full wp-image-274\" src=\"http:\/\/rivobruenti.fr\/wp-content\/uploads\/2013\/02\/rifreception.jpg\" alt=\"rifreception\" width=\"756\" height=\"567\" srcset=\"http:\/\/rivobruenti.fr\/wp-content\/uploads\/2013\/02\/rifreception.jpg 756w, http:\/\/rivobruenti.fr\/wp-content\/uploads\/2013\/02\/rifreception-300x225.jpg 300w, http:\/\/rivobruenti.fr\/wp-content\/uploads\/2013\/02\/rifreception-700x525.jpg 700w, http:\/\/rivobruenti.fr\/wp-content\/uploads\/2013\/02\/rifreception-332x249.jpg 332w\" sizes=\"auto, (max-width: 756px) 100vw, 756px\" \/><\/a><\/p>\n<address>11 juin 2014<\/address>\n<h3>Notre jolie\u00a0cabane est enfin termin\u00e9e<\/h3>\n<p>Et pr\u00eate \u00e0 vous accueillir pour une nuit de r\u00eave en hauteur! <a href=\"http:\/\/rivobruenti.fr\/?page_id=220\">Cliquez ici pour visiter<\/a><\/p>\n<p><a href=\"http:\/\/rivobruenti.fr\/wp-content\/uploads\/2013\/02\/cabane05.jpg\"><img loading=\"lazy\" decoding=\"async\" class=\"alignnone wp-image-239\" src=\"http:\/\/rivobruenti.fr\/wp-content\/uploads\/2013\/02\/cabane05.jpg\" alt=\"cabane05\" width=\"468\" height=\"697\" \/><\/a><\/p>\n<address>1 mai 2014<\/address>\n<h3>Sur un arbre perch\u00e9&#8230;<\/h3>\n<p>Pour cette nouvelle saison, nous vous proposons de prendre encore quelques m\u00e8tres\u00a0d&rsquo;altitude: notre cabane perch\u00e9e, actuellement en construction, vous accueillera d\u00e8s le mois de juin. Plus d&rsquo;infos<a href=\"http:\/\/rivobruenti.fr\/?page_id=37\"> en cliquant ici<\/a><\/p>\n<p><a href=\"http:\/\/rivobruenti.fr\/wp-content\/uploads\/2013\/02\/cabane1.jpg\"><img loading=\"lazy\" decoding=\"async\" class=\"alignnone wp-image-217\" src=\"http:\/\/rivobruenti.fr\/wp-content\/uploads\/2013\/02\/cabane1-678x1024.jpg\" alt=\"cabane1\" width=\"458\" height=\"687\" \/><\/a><\/p>\n<address>9 mars 2014<\/address>\n<h3>Un souffle printanier<\/h3>\n<p style=\"text-align: justify;\">Alors que le soleil agrandit chaque jour sa course au dessus des montagnes, faisant fondre les neiges et chanter les oiseaux, le refuge sort doucement de son sommeil d&rsquo;hiver et s&rsquo;appr\u00eate \u00e0 accueillir une nouvelle saison. Les activit\u00e9s reprennent tranquillement et, l\u00e0-haut dans les arbres, de nouveaux projets se pr\u00e9parent&#8230;<\/p>\n<p><a href=\"http:\/\/rivobruenti.fr\/wp-content\/uploads\/2013\/02\/MOD-IMG_7018.jpg\"><img loading=\"lazy\" decoding=\"async\" class=\"alignnone size-medium wp-image-211\" src=\"http:\/\/rivobruenti.fr\/wp-content\/uploads\/2013\/02\/MOD-IMG_7018-199x300.jpg\" alt=\"MOD-IMG_7018\" width=\"199\" height=\"300\" srcset=\"http:\/\/rivobruenti.fr\/wp-content\/uploads\/2013\/02\/MOD-IMG_7018-199x300.jpg 199w, http:\/\/rivobruenti.fr\/wp-content\/uploads\/2013\/02\/MOD-IMG_7018-332x498.jpg 332w, http:\/\/rivobruenti.fr\/wp-content\/uploads\/2013\/02\/MOD-IMG_7018.jpg 604w\" sizes=\"auto, (max-width: 199px) 100vw, 199px\" \/><\/a><a href=\"http:\/\/rivobruenti.fr\/wp-content\/uploads\/2013\/02\/MOD-IMG_7021.jpg\"><img loading=\"lazy\" decoding=\"async\" class=\"alignnone size-medium wp-image-212\" src=\"http:\/\/rivobruenti.fr\/wp-content\/uploads\/2013\/02\/MOD-IMG_7021-199x300.jpg\" alt=\"MOD-IMG_7021\" width=\"199\" height=\"300\" srcset=\"http:\/\/rivobruenti.fr\/wp-content\/uploads\/2013\/02\/MOD-IMG_7021-199x300.jpg 199w, http:\/\/rivobruenti.fr\/wp-content\/uploads\/2013\/02\/MOD-IMG_7021-332x498.jpg 332w, http:\/\/rivobruenti.fr\/wp-content\/uploads\/2013\/02\/MOD-IMG_7021.jpg 604w\" sizes=\"auto, (max-width: 199px) 100vw, 199px\" \/><\/a><a href=\"http:\/\/rivobruenti.fr\/wp-content\/uploads\/2013\/02\/MOD-IMG_7077.jpg\"><img loading=\"lazy\" decoding=\"async\" class=\"alignnone size-medium wp-image-213\" src=\"http:\/\/rivobruenti.fr\/wp-content\/uploads\/2013\/02\/MOD-IMG_7077-199x300.jpg\" alt=\"MOD-IMG_7077\" width=\"199\" height=\"300\" srcset=\"http:\/\/rivobruenti.fr\/wp-content\/uploads\/2013\/02\/MOD-IMG_7077-199x300.jpg 199w, http:\/\/rivobruenti.fr\/wp-content\/uploads\/2013\/02\/MOD-IMG_7077-332x498.jpg 332w, http:\/\/rivobruenti.fr\/wp-content\/uploads\/2013\/02\/MOD-IMG_7077.jpg 604w\" sizes=\"auto, (max-width: 199px) 100vw, 199px\" \/><\/a><\/p>\n<address style=\"text-align: left;\">5 juin 2013<\/address>\n<h3 style=\"text-align: left;\">Le dortoir est achev\u00e9&#8230;<\/h3>\n<p>&#8230;et pr\u00eat \u00e0 vous recevoir! Plus de photos dans la rubrique \u00abH\u00e9bergement ; dortoir\u00bb<br \/>\nVous pouvez aussi aller voir les \u00e9tapes du montage de la yourte dans la rubrique \u00abyourte\u00bb !<\/p>\n<address>\u00a0 <a href=\"http:\/\/rivobruenti.fr\/wp-content\/uploads\/2013\/02\/dortoir21.jpg\"><img loading=\"lazy\" decoding=\"async\" class=\"alignnone size-medium wp-image-157\" src=\"http:\/\/rivobruenti.fr\/wp-content\/uploads\/2013\/02\/dortoir21-199x300.jpg\" alt=\"dortoir2\" width=\"199\" height=\"300\" srcset=\"http:\/\/rivobruenti.fr\/wp-content\/uploads\/2013\/02\/dortoir21-199x300.jpg 199w, http:\/\/rivobruenti.fr\/wp-content\/uploads\/2013\/02\/dortoir21-682x1024.jpg 682w, http:\/\/rivobruenti.fr\/wp-content\/uploads\/2013\/02\/dortoir21-700x1050.jpg 700w, http:\/\/rivobruenti.fr\/wp-content\/uploads\/2013\/02\/dortoir21-332x498.jpg 332w, http:\/\/rivobruenti.fr\/wp-content\/uploads\/2013\/02\/dortoir21.jpg 850w\" sizes=\"auto, (max-width: 199px) 100vw, 199px\" \/><\/a><a href=\"http:\/\/rivobruenti.fr\/wp-content\/uploads\/2013\/02\/dortoir3.jpg\"><img loading=\"lazy\" decoding=\"async\" class=\"alignnone size-medium wp-image-158\" src=\"http:\/\/rivobruenti.fr\/wp-content\/uploads\/2013\/02\/dortoir3-199x300.jpg\" alt=\"dortoir3\" width=\"199\" height=\"300\" srcset=\"http:\/\/rivobruenti.fr\/wp-content\/uploads\/2013\/02\/dortoir3-199x300.jpg 199w, http:\/\/rivobruenti.fr\/wp-content\/uploads\/2013\/02\/dortoir3-682x1024.jpg 682w, http:\/\/rivobruenti.fr\/wp-content\/uploads\/2013\/02\/dortoir3-700x1050.jpg 700w, http:\/\/rivobruenti.fr\/wp-content\/uploads\/2013\/02\/dortoir3-332x498.jpg 332w, http:\/\/rivobruenti.fr\/wp-content\/uploads\/2013\/02\/dortoir3.jpg 850w\" sizes=\"auto, (max-width: 199px) 100vw, 199px\" \/><\/a>\u00a0\u00a0\u00a0\u00a0<\/address>\n<address>_______________________________________________________________________________________________________________<\/address>\n<address>12 avril 2013<\/address>\n<h3>L\u00e0-haut la saison a commenc\u00e9&#8230;<\/h3>\n<p>Alors que les beaux jours arrivent, nous poursuivons l&rsquo;am\u00e9nagement du dortoir avec la construction des couchages. Bient\u00f4t pr\u00eats pour vous accueillir le temps d&rsquo;une nuit, et plus si affinit\u00e9!<\/p>\n<p><a href=\"http:\/\/rivobruenti.fr\/wp-content\/uploads\/2013\/02\/dortoir2.jpg\"><img loading=\"lazy\" decoding=\"async\" class=\"alignnone size-medium wp-image-144\" src=\"http:\/\/rivobruenti.fr\/wp-content\/uploads\/2013\/02\/dortoir2-224x300.jpg\" alt=\"dortoir2\" width=\"189\" height=\"250\" \/><\/a><a href=\"http:\/\/rivobruenti.fr\/wp-content\/uploads\/2013\/02\/dortoir1.jpg\"><img loading=\"lazy\" decoding=\"async\" class=\"alignnone size-medium wp-image-145\" src=\"http:\/\/rivobruenti.fr\/wp-content\/uploads\/2013\/02\/dortoir1-300x224.jpg\" alt=\"dortoir1\" width=\"300\" height=\"224\" srcset=\"http:\/\/rivobruenti.fr\/wp-content\/uploads\/2013\/02\/dortoir1-300x224.jpg 300w, http:\/\/rivobruenti.fr\/wp-content\/uploads\/2013\/02\/dortoir1-1024x764.jpg 1024w, http:\/\/rivobruenti.fr\/wp-content\/uploads\/2013\/02\/dortoir1-700x522.jpg 700w, http:\/\/rivobruenti.fr\/wp-content\/uploads\/2013\/02\/dortoir1-332x247.jpg 332w\" sizes=\"auto, (max-width: 300px) 100vw, 300px\" \/><\/a><\/p>\n<p>___________________________________________________________________________________________<\/p>\n<h3 style=\"text-align: center;\"><\/h3>\n","protected":false},"excerpt":{"rendered":"<p>Bienvenue au Refuge du Rivobruenti Situ\u00e9 au coeur des Alpes \u00e0 1200m d&rsquo;altitude, ce petit refuge de montagne r\u00e9cemment r\u00e9habilit\u00e9 vous accueille de mai \u00e0 septembre et vous invite \u00e0 d\u00e9couvrir la Vall\u00e9e de la Roizonne. Install\u00e9 au creux du vallon de Rif Bruyant, entour\u00e9 de merveilles et de d\u00e9couvertes, &#8230;<\/p>\n","protected":false},"author":1,"featured_media":0,"parent":0,"menu_order":1,"comment_status":"closed","ping_status":"open","template":"","meta":{"footnotes":""},"class_list":["post-14","page","type-page","status-publish","hentry","column","twocol"],"_links":{"self":[{"href":"http:\/\/rivobruenti.fr\/index.php?rest_route=\/wp\/v2\/pages\/14","targetHints":{"allow":["GET"]}}],"collection":[{"href":"http:\/\/rivobruenti.fr\/index.php?rest_route=\/wp\/v2\/pages"}],"about":[{"href":"http:\/\/rivobruenti.fr\/index.php?rest_route=\/wp\/v2\/types\/page"}],"author":[{"embeddable":true,"href":"http:\/\/rivobruenti.fr\/index.php?rest_route=\/wp\/v2\/users\/1"}],"replies":[{"embeddable":true,"href":"http:\/\/rivobruenti.fr\/index.php?rest_route=%2Fwp%2Fv2%2Fcomments&post=14"}],"version-history":[{"count":45,"href":"http:\/\/rivobruenti.fr\/index.php?rest_route=\/wp\/v2\/pages\/14\/revisions"}],"predecessor-version":[{"id":289,"href":"http:\/\/rivobruenti.fr\/index.php?rest_route=\/wp\/v2\/pages\/14\/revisions\/289"}],"wp:attachment":[{"href":"http:\/\/rivobruenti.fr\/index.php?rest_route=%2Fwp%2Fv2%2Fmedia&parent=14"}],"curies":[{"name":"wp","href":"https:\/\/api.w.org\/{rel}","templated":true}]}}

<h2 style="text-align: left;"><a href="http://rivobruenti.fr/wp-content/uploads/2013/02/14-IMG_1539.jpg"><img loading="lazy" decoding="async" class="alignnone size-medium wp-image-31" src="http://rivobruenti.fr/wp-content/uploads/2013/02/14-IMG_1539-300x200.jpg" alt="14-IMG_1539" width="282" height="191" /></a><a href="http://rivobruenti.fr/wp-content/uploads/2013/02/rif1.jpg"><img loading="lazy" decoding="async" class="alignnone size-medium wp-image-191" src="http://rivobruenti.fr/wp-content/uploads/2013/02/rif1-300x200.jpg" alt="rif1" width="283" height="193" /></a></h2>
<h2 style="text-align: center;">Bienvenue au Refuge du Rivobruenti</h2>
<p style="text-align: justify;">Situé au coeur des Alpes à 1200m d&rsquo;altitude, ce petit refuge de montagne récemment réhabilité vous accueille de mai à septembre et vous invite à découvrir la Vallée de la Roizonne. Installé au creux du vallon de Rif Bruyant, entouré de merveilles et de découvertes, de panoramas colorés et variés, chacun y trouvera de quoi satisfaire son envie d&rsquo;évasion le temps d&rsquo;une étape de randonnée ou d&rsquo;une sortie en famille.</p>
<h3 style="text-align: center;">Infos et réservations</h3>
<h6 style="text-align: center;">Eric CHATTARD</h6>
<h6 style="text-align: center;">06.17.96.62.97</h6>
<h6 style="text-align: center;">contact@rivobruenti.fr</h6>
<p style="text-align: center;">Retrouvez-nous aussi sur <a href="https://www.facebook.com/LeRivobruenti" target="_blank">Facebook</a></p>
<p><a href="http://rivobruenti.fr/wp-content/uploads/2013/02/rivobruentisculpt1.jpg"><img loading="lazy" decoding="async" class="size-medium wp-image-189 aligncenter" src="http://rivobruenti.fr/wp-content/uploads/2013/02/rivobruentisculpt1-300x194.jpg" alt="rivobruentisculpt" width="300" height="194" srcset="http://rivobruenti.fr/wp-content/uploads/2013/02/rivobruentisculpt1-300x194.jpg 300w, http://rivobruenti.fr/wp-content/uploads/2013/02/rivobruentisculpt1-1024x665.jpg 1024w, http://rivobruenti.fr/wp-content/uploads/2013/02/rivobruentisculpt1-700x454.jpg 700w, http://rivobruenti.fr/wp-content/uploads/2013/02/rivobruentisculpt1-332x215.jpg 332w, http://rivobruenti.fr/wp-content/uploads/2013/02/rivobruentisculpt1.jpg 1134w" sizes="auto, (max-width: 300px) 100vw, 300px" /></a></p>
<p>___________________________________________________________________________________________</p>
<h3><span style="text-decoration: underline;">Les News</span></h3>
<h6><em>9 avril 2016</em></h6>
<h3>Nouvelle salle de réception</h3>
<p>Depuis le printemps 2015, l&rsquo;ancienne grange en face du refuge a été restaurée et aménagée en salle de réception pouvant accueillir jusqu&rsquo;à 60 couverts ! Désormais vous pouvez venir nombreux&#8230; même s&rsquo;il pleut 🙂</p>
<p><a href="http://rivobruenti.fr/wp-content/uploads/2013/02/rifreception.jpg" rel="attachment wp-att-274"><img loading="lazy" decoding="async" class="alignnone size-full wp-image-274" src="http://rivobruenti.fr/wp-content/uploads/2013/02/rifreception.jpg" alt="rifreception" width="756" height="567" srcset="http://rivobruenti.fr/wp-content/uploads/2013/02/rifreception.jpg 756w, http://rivobruenti.fr/wp-content/uploads/2013/02/rifreception-300x225.jpg 300w, http://rivobruenti.fr/wp-content/uploads/2013/02/rifreception-700x525.jpg 700w, http://rivobruenti.fr/wp-content/uploads/2013/02/rifreception-332x249.jpg 332w" sizes="auto, (max-width: 756px) 100vw, 756px" /></a></p>
<address>11 juin 2014</address>
<h3>Notre jolie cabane est enfin terminée</h3>
<p>Et prête à vous accueillir pour une nuit de rêve en hauteur! <a href="http://rivobruenti.fr/?page_id=220">Cliquez ici pour visiter</a></p>
<p><a href="http://rivobruenti.fr/wp-content/uploads/2013/02/cabane05.jpg"><img loading="lazy" decoding="async" class="alignnone wp-image-239" src="http://rivobruenti.fr/wp-content/uploads/2013/02/cabane05.jpg" alt="cabane05" width="468" height="697" /></a></p>
<address>1 mai 2014</address>
<h3>Sur un arbre perché&#8230;</h3>
<p>Pour cette nouvelle saison, nous vous proposons de prendre encore quelques mètres d&rsquo;altitude: notre cabane perchée, actuellement en construction, vous accueillera dès le mois de juin. Plus d&rsquo;infos<a href="http://rivobruenti.fr/?page_id=37"> en cliquant ici</a></p>
<p><a href="http://rivobruenti.fr/wp-content/uploads/2013/02/cabane1.jpg"><img loading="lazy" decoding="async" class="alignnone wp-image-217" src="http://rivobruenti.fr/wp-content/uploads/2013/02/cabane1-678x1024.jpg" alt="cabane1" width="458" height="687" /></a></p>
<address>9 mars 2014</address>
<h3>Un souffle printanier</h3>
<p style="text-align: justify;">Alors que le soleil agrandit chaque jour sa course au dessus des montagnes, faisant fondre les neiges et chanter les oiseaux, le refuge sort doucement de son sommeil d&rsquo;hiver et s&rsquo;apprête à accueillir une nouvelle saison. Les activités reprennent tranquillement et, là-haut dans les arbres, de nouveaux projets se préparent&#8230;</p>
<p><a href="http://rivobruenti.fr/wp-content/uploads/2013/02/MOD-IMG_7018.jpg"><img loading="lazy" decoding="async" class="alignnone size-medium wp-image-211" src="http://rivobruenti.fr/wp-content/uploads/2013/02/MOD-IMG_7018-199x300.jpg" alt="MOD-IMG_7018" width="199" height="300" srcset="http://rivobruenti.fr/wp-content/uploads/2013/02/MOD-IMG_7018-199x300.jpg 199w, http://rivobruenti.fr/wp-content/uploads/2013/02/MOD-IMG_7018-332x498.jpg 332w, http://rivobruenti.fr/wp-content/uploads/2013/02/MOD-IMG_7018.jpg 604w" sizes="auto, (max-width: 199px) 100vw, 199px" /></a><a href="http://rivobruenti.fr/wp-content/uploads/2013/02/MOD-IMG_7021.jpg"><img loading="lazy" decoding="async" class="alignnone size-medium wp-image-212" src="http://rivobruenti.fr/wp-content/uploads/2013/02/MOD-IMG_7021-199x300.jpg" alt="MOD-IMG_7021" width="199" height="300" srcset="http://rivobruenti.fr/wp-content/uploads/2013/02/MOD-IMG_7021-199x300.jpg 199w, http://rivobruenti.fr/wp-content/uploads/2013/02/MOD-IMG_7021-332x498.jpg 332w, http://rivobruenti.fr/wp-content/uploads/2013/02/MOD-IMG_7021.jpg 604w" sizes="auto, (max-width: 199px) 100vw, 199px" /></a><a href="http://rivobruenti.fr/wp-content/uploads/2013/02/MOD-IMG_7077.jpg"><img loading="lazy" decoding="async" class="alignnone size-medium wp-image-213" src="http://rivobruenti.fr/wp-content/uploads/2013/02/MOD-IMG_7077-199x300.jpg" alt="MOD-IMG_7077" width="199" height="300" srcset="http://rivobruenti.fr/wp-content/uploads/2013/02/MOD-IMG_7077-199x300.jpg 199w, http://rivobruenti.fr/wp-content/uploads/2013/02/MOD-IMG_7077-332x498.jpg 332w, http://rivobruenti.fr/wp-content/uploads/2013/02/MOD-IMG_7077.jpg 604w" sizes="auto, (max-width: 199px) 100vw, 199px" /></a></p>
<address style="text-align: left;">5 juin 2013</address>
<h3 style="text-align: left;">Le dortoir est achevé&#8230;</h3>
<p>&#8230;et prêt à vous recevoir! Plus de photos dans la rubrique «Hébergement ; dortoir»<br />
Vous pouvez aussi aller voir les étapes du montage de la yourte dans la rubrique «yourte» !</p>
<address>  <a href="http://rivobruenti.fr/wp-content/uploads/2013/02/dortoir21.jpg"><img loading="lazy" decoding="async" class="alignnone size-medium wp-image-157" src="http://rivobruenti.fr/wp-content/uploads/2013/02/dortoir21-199x300.jpg" alt="dortoir2" width="199" height="300" srcset="http://rivobruenti.fr/wp-content/uploads/2013/02/dortoir21-199x300.jpg 199w, http://rivobruenti.fr/wp-content/uploads/2013/02/dortoir21-682x1024.jpg 682w, http://rivobruenti.fr/wp-content/uploads/2013/02/dortoir21-700x1050.jpg 700w, http://rivobruenti.fr/wp-content/uploads/2013/02/dortoir21-332x498.jpg 332w, http://rivobruenti.fr/wp-content/uploads/2013/02/dortoir21.jpg 850w" sizes="auto, (max-width: 199px) 100vw, 199px" /></a><a href="http://rivobruenti.fr/wp-content/uploads/2013/02/dortoir3.jpg"><img loading="lazy" decoding="async" class="alignnone size-medium wp-image-158" src="http://rivobruenti.fr/wp-content/uploads/2013/02/dortoir3-199x300.jpg" alt="dortoir3" width="199" height="300" srcset="http://rivobruenti.fr/wp-content/uploads/2013/02/dortoir3-199x300.jpg 199w, http://rivobruenti.fr/wp-content/uploads/2013/02/dortoir3-682x1024.jpg 682w, http://rivobruenti.fr/wp-content/uploads/2013/02/dortoir3-700x1050.jpg 700w, http://rivobruenti.fr/wp-content/uploads/2013/02/dortoir3-332x498.jpg 332w, http://rivobruenti.fr/wp-content/uploads/2013/02/dortoir3.jpg 850w" sizes="auto, (max-width: 199px) 100vw, 199px" /></a>    </address>
<address>_______________________________________________________________________________________________________________</address>
<address>12 avril 2013</address>
<h3>Là-haut la saison a commencé&#8230;</h3>
<p>Alors que les beaux jours arrivent, nous poursuivons l&rsquo;aménagement du dortoir avec la construction des couchages. Bientôt prêts pour vous accueillir le temps d&rsquo;une nuit, et plus si affinité!</p>
<p><a href="http://rivobruenti.fr/wp-content/uploads/2013/02/dortoir2.jpg"><img loading="lazy" decoding="async" class="alignnone size-medium wp-image-144" src="http://rivobruenti.fr/wp-content/uploads/2013/02/dortoir2-224x300.jpg" alt="dortoir2" width="189" height="250" /></a><a href="http://rivobruenti.fr/wp-content/uploads/2013/02/dortoir1.jpg"><img loading="lazy" decoding="async" class="alignnone size-medium wp-image-145" src="http://rivobruenti.fr/wp-content/uploads/2013/02/dortoir1-300x224.jpg" alt="dortoir1" width="300" height="224" srcset="http://rivobruenti.fr/wp-content/uploads/2013/02/dortoir1-300x224.jpg 300w, http://rivobruenti.fr/wp-content/uploads/2013/02/dortoir1-1024x764.jpg 1024w, http://rivobruenti.fr/wp-content/uploads/2013/02/dortoir1-700x522.jpg 700w, http://rivobruenti.fr/wp-content/uploads/2013/02/dortoir1-332x247.jpg 332w" sizes="auto, (max-width: 300px) 100vw, 300px" /></a></p>
<p>___________________________________________________________________________________________</p>
<h3 style="text-align: center;"></h3>

<p>Bienvenue au Refuge du Rivobruenti Situé au coeur des Alpes à 1200m d&rsquo;altitude, ce petit refuge de montagne récemment réhabilité vous accueille de mai à septembre et vous invite à découvrir la Vallée de la Roizonne. Installé au creux du vallon de Rif Bruyant, entouré de merveilles et de découvertes, &#8230;</p>
