{"id":50,"date":"2013-04-19T15:45:03","date_gmt":"2013-04-19T14:45:03","guid":{"rendered":"http:\/\/rivobruenti.fr\/?page_id=50"},"modified":"2016-04-09T20:35:52","modified_gmt":"2016-04-09T19:35:52","slug":"acces","status":"publish","type":"page","link":"http:\/\/rivobruenti.fr\/?page_id=50","title":{"rendered":"Acc\u00e8s"},"content":{"rendered":"<p><a href=\"http:\/\/rivobruenti.fr\/wp-content\/uploads\/2013\/04\/carte-rif.png\"><img loading=\"lazy\" decoding=\"async\" class=\"alignnone size-large wp-image-90\" src=\"http:\/\/rivobruenti.fr\/wp-content\/uploads\/2013\/04\/carte-rif-1024x591.png\" alt=\"carte rif\" width=\"660\" height=\"380\" srcset=\"http:\/\/rivobruenti.fr\/wp-content\/uploads\/2013\/04\/carte-rif-1024x591.png 1024w, http:\/\/rivobruenti.fr\/wp-content\/uploads\/2013\/04\/carte-rif-300x173.png 300w, http:\/\/rivobruenti.fr\/wp-content\/uploads\/2013\/04\/carte-rif-700x404.png 700w, http:\/\/rivobruenti.fr\/wp-content\/uploads\/2013\/04\/carte-rif-332x191.png 332w\" sizes=\"auto, (max-width: 660px) 100vw, 660px\" \/><\/a><\/p>\n<p>Le refuge est situ\u00e9 sur la commune de Lavaldens; suivez la D114 en direction de L&rsquo;Alpe du Grand Serre \/ La Morte et garez-vous sur le parking du Mollard.<\/p>\n<p><a href=\"http:\/\/rivobruenti.fr\/wp-content\/uploads\/2013\/04\/06-IMG_1447.jpg\"><img loading=\"lazy\" decoding=\"async\" class=\"alignnone size-medium wp-image-51\" src=\"http:\/\/rivobruenti.fr\/wp-content\/uploads\/2013\/04\/06-IMG_1447-200x300.jpg\" alt=\"06-IMG_1447\" width=\"200\" height=\"300\" srcset=\"http:\/\/rivobruenti.fr\/wp-content\/uploads\/2013\/04\/06-IMG_1447-200x300.jpg 200w, http:\/\/rivobruenti.fr\/wp-content\/uploads\/2013\/04\/06-IMG_1447-682x1024.jpg 682w, http:\/\/rivobruenti.fr\/wp-content\/uploads\/2013\/04\/06-IMG_1447-700x1050.jpg 700w, http:\/\/rivobruenti.fr\/wp-content\/uploads\/2013\/04\/06-IMG_1447-332x498.jpg 332w, http:\/\/rivobruenti.fr\/wp-content\/uploads\/2013\/04\/06-IMG_1447.jpg 756w\" sizes=\"auto, (max-width: 200px) 100vw, 200px\" \/><\/a><a href=\"http:\/\/rivobruenti.fr\/wp-content\/uploads\/2013\/04\/04-IMG_1431.jpg\"><img loading=\"lazy\" decoding=\"async\" class=\"alignnone size-medium wp-image-52\" src=\"http:\/\/rivobruenti.fr\/wp-content\/uploads\/2013\/04\/04-IMG_1431-200x300.jpg\" alt=\"04-IMG_1431\" width=\"200\" height=\"300\" srcset=\"http:\/\/rivobruenti.fr\/wp-content\/uploads\/2013\/04\/04-IMG_1431-200x300.jpg 200w, http:\/\/rivobruenti.fr\/wp-content\/uploads\/2013\/04\/04-IMG_1431-682x1024.jpg 682w, http:\/\/rivobruenti.fr\/wp-content\/uploads\/2013\/04\/04-IMG_1431-700x1050.jpg 700w, http:\/\/rivobruenti.fr\/wp-content\/uploads\/2013\/04\/04-IMG_1431-332x498.jpg 332w, http:\/\/rivobruenti.fr\/wp-content\/uploads\/2013\/04\/04-IMG_1431.jpg 756w\" sizes=\"auto, (max-width: 200px) 100vw, 200px\" \/><\/a><a href=\"http:\/\/rivobruenti.fr\/wp-content\/uploads\/2013\/04\/07-IMG_1455.jpg\"><img loading=\"lazy\" decoding=\"async\" class=\"alignnone size-medium wp-image-53\" src=\"http:\/\/rivobruenti.fr\/wp-content\/uploads\/2013\/04\/07-IMG_1455-200x300.jpg\" alt=\"07-IMG_1455\" width=\"200\" height=\"300\" srcset=\"http:\/\/rivobruenti.fr\/wp-content\/uploads\/2013\/04\/07-IMG_1455-200x300.jpg 200w, http:\/\/rivobruenti.fr\/wp-content\/uploads\/2013\/04\/07-IMG_1455-682x1024.jpg 682w, http:\/\/rivobruenti.fr\/wp-content\/uploads\/2013\/04\/07-IMG_1455-700x1050.jpg 700w, http:\/\/rivobruenti.fr\/wp-content\/uploads\/2013\/04\/07-IMG_1455-332x498.jpg 332w, http:\/\/rivobruenti.fr\/wp-content\/uploads\/2013\/04\/07-IMG_1455.jpg 756w\" sizes=\"auto, (max-width: 200px) 100vw, 200px\" \/><\/a><\/p>\n<p>Apr\u00e8s avoir travers\u00e9 le hameau du Mollard, vous arrivez au pied du chemin balis\u00e9: 30 \u00e0 45 minutes de marche avec un d\u00e9nivel\u00e9 de 200 m\u00e8tres, petits et grands trouveront leur rythme sur ce vieux sentier grimpant entre les murets de pierres s\u00e8ches, avec pour seul bruit le chant du ruisseau de Rif Bruyant, qui a donn\u00e9 son nom \u00e0 la vall\u00e9e. \u00c0 mi-chemin vous pourrez profiter d&rsquo;une vue d\u00e9gag\u00e9e sur les monts alentours.<\/p>\n<p>La tranquillit\u00e9 et le charme de ces lieux perdus en pleine nature feront de cette ascension un moment inoubliable pour toute la famille.<\/p>\n<h3>Infos et r\u00e9servations\u00a0: 06.17.96.62.97<\/h3>\n","protected":false},"excerpt":{"rendered":"<p>Le refuge est situ\u00e9 sur la commune de Lavaldens; suivez la D114 en direction de L&rsquo;Alpe du Grand Serre \/ La Morte et garez-vous sur le parking du Mollard. Apr\u00e8s avoir travers\u00e9 le hameau du Mollard, vous arrivez au pied du chemin balis\u00e9: 30 \u00e0 45 minutes de marche avec &#8230;<\/p>\n","protected":false},"author":1,"featured_media":0,"parent":0,"menu_order":5,"comment_status":"closed","ping_status":"open","template":"","meta":{"footnotes":""},"class_list":["post-50","page","type-page","status-publish","hentry","column","twocol"],"_links":{"self":[{"href":"http:\/\/rivobruenti.fr\/index.php?rest_route=\/wp\/v2\/pages\/50","targetHints":{"allow":["GET"]}}],"collection":[{"href":"http:\/\/rivobruenti.fr\/index.php?rest_route=\/wp\/v2\/pages"}],"about":[{"href":"http:\/\/rivobruenti.fr\/index.php?rest_route=\/wp\/v2\/types\/page"}],"author":[{"embeddable":true,"href":"http:\/\/rivobruenti.fr\/index.php?rest_route=\/wp\/v2\/users\/1"}],"replies":[{"embeddable":true,"href":"http:\/\/rivobruenti.fr\/index.php?rest_route=%2Fwp%2Fv2%2Fcomments&post=50"}],"version-history":[{"count":26,"href":"http:\/\/rivobruenti.fr\/index.php?rest_route=\/wp\/v2\/pages\/50\/revisions"}],"predecessor-version":[{"id":278,"href":"http:\/\/rivobruenti.fr\/index.php?rest_route=\/wp\/v2\/pages\/50\/revisions\/278"}],"wp:attachment":[{"href":"http:\/\/rivobruenti.fr\/index.php?rest_route=%2Fwp%2Fv2%2Fmedia&parent=50"}],"curies":[{"name":"wp","href":"https:\/\/api.w.org\/{rel}","templated":true}]}}